{"id":308,"date":"2023-09-15T16:42:50","date_gmt":"2023-09-15T16:42:50","guid":{"rendered":"http:\/\/www.apprecuerdos.site\/?page_id=308"},"modified":"2023-10-04T14:04:29","modified_gmt":"2023-10-04T14:04:29","slug":"mapa","status":"publish","type":"page","link":"http:\/\/www.apprecuerdos.site\/index.php\/mapa\/","title":{"rendered":""},"content":{"rendered":"\n<iframe src=\"https:\/\/aporee.org\/mfm\/web\/?id=282 swlat=-33.459749&amp;swlng=-70.699362&amp;nelat=-33.421001&amp;nelng=-70.591559&amp;z=14&amp;m=satellite&amp;w=1256&amp;h=591\" width=\"100%\" height=\"591\"><\/iframe>\n\n\n\n<p><strong>AppRecuerdos&nbsp;<\/strong>es una aplicaci\u00f3n que permite escuchar relatos reales sobre experiencias vividas entre 1970 y 1989 en distintos puntos del centro de la capital. As\u00ed, transforma la historia contempor\u00e1nea en una experiencia de paseo que invita a descubrir Santiago mediante la escucha activa. Los\/las usuarios\/as de la aplicaci\u00f3n son guiados\/as a m\u00e1s de 120 lugares hist\u00f3ricamente significativos de Santiago a trav\u00e9s de sus smartphones. All\u00ed, mediante audios que se activan autom\u00e1ticamente a trav\u00e9s del GPS, escuchar\u00e1n la historia de una experiencia personal que tuvo lugar exactamente en ese lugar en los a\u00f1os 70 y 80.&nbsp;<br><br>En el marco de la conmemoraci\u00f3n de los 50 a\u00f1os del Golpe de Estado se ofrecer\u00e1n una serie de visitas guiadas tem\u00e1ticas con la&nbsp;app&nbsp;por el centro de Santiago entre agosto y diciembre de 2023.&nbsp;<br><br>Este proyecto, que es un relanzamiento de la&nbsp;app&nbsp;estrenada en 2017, es fruto de una colaboraci\u00f3n entre&nbsp;<strong>SonidoCiudad<\/strong>&nbsp;(Santiago), <strong>Rimini Protokoll<\/strong>&nbsp;(Berl\u00edn) y&nbsp;<strong>Fun<\/strong>daci\u00f3n Internacional Teatro a Mil, auspiciado y producido por el&nbsp;<strong>Goethe-Institut Chile<\/strong>, financiado por el&nbsp;<strong>Ministerio Federal de Asuntos Exteriores de Alemania<\/strong>&nbsp;y con el apoyo de la&nbsp;<strong>Embajada de Alemania en Chile<\/strong>.&nbsp;<\/p>\n","protected":false},"excerpt":{"rendered":"<p>AppRecuerdos&nbsp;es una aplicaci\u00f3n que permite escuchar relatos reales sobre experiencias vividas entre 1970 y 1989 en distintos puntos del centro de la capital. As\u00ed, transforma la historia contempor\u00e1nea en una experiencia de paseo que invita a descubrir Santiago mediante la escucha activa. Los\/las usuarios\/as de la aplicaci\u00f3n son guiados\/as a m\u00e1s de 120 lugares hist\u00f3ricamente &#8230; <a title=\"\" class=\"read-more\" href=\"http:\/\/www.apprecuerdos.site\/index.php\/mapa\/\">Read more<span class=\"screen-reader-text\"><\/span><\/a><\/p>\n","protected":false},"author":1,"featured_media":0,"parent":0,"menu_order":0,"comment_status":"closed","ping_status":"closed","template":"","meta":{"footnotes":""},"class_list":["post-308","page","type-page","status-publish"],"_links":{"self":[{"href":"http:\/\/www.apprecuerdos.site\/index.php\/wp-json\/wp\/v2\/pages\/308","targetHints":{"allow":["GET"]}}],"collection":[{"href":"http:\/\/www.apprecuerdos.site\/index.php\/wp-json\/wp\/v2\/pages"}],"about":[{"href":"http:\/\/www.apprecuerdos.site\/index.php\/wp-json\/wp\/v2\/types\/page"}],"author":[{"embeddable":true,"href":"http:\/\/www.apprecuerdos.site\/index.php\/wp-json\/wp\/v2\/users\/1"}],"replies":[{"embeddable":true,"href":"http:\/\/www.apprecuerdos.site\/index.php\/wp-json\/wp\/v2\/comments?post=308"}],"version-history":[{"count":4,"href":"http:\/\/www.apprecuerdos.site\/index.php\/wp-json\/wp\/v2\/pages\/308\/revisions"}],"predecessor-version":[{"id":367,"href":"http:\/\/www.apprecuerdos.site\/index.php\/wp-json\/wp\/v2\/pages\/308\/revisions\/367"}],"wp:attachment":[{"href":"http:\/\/www.apprecuerdos.site\/index.php\/wp-json\/wp\/v2\/media?parent=308"}],"curies":[{"name":"wp","href":"https:\/\/api.w.org\/{rel}","templated":true}]}}

<iframe src="https://aporee.org/mfm/web/?id=282 swlat=-33.459749&amp;swlng=-70.699362&amp;nelat=-33.421001&amp;nelng=-70.591559&amp;z=14&amp;m=satellite&amp;w=1256&amp;h=591" width="100%" height="591"></iframe>



<p><strong>AppRecuerdos&nbsp;</strong>es una aplicación que permite escuchar relatos reales sobre experiencias vividas entre 1970 y 1989 en distintos puntos del centro de la capital. Así, transforma la historia contemporánea en una experiencia de paseo que invita a descubrir Santiago mediante la escucha activa. Los/las usuarios/as de la aplicación son guiados/as a más de 120 lugares históricamente significativos de Santiago a través de sus smartphones. Allí, mediante audios que se activan automáticamente a través del GPS, escucharán la historia de una experiencia personal que tuvo lugar exactamente en ese lugar en los años 70 y 80.&nbsp;<br><br>En el marco de la conmemoración de los 50 años del Golpe de Estado se ofrecerán una serie de visitas guiadas temáticas con la&nbsp;app&nbsp;por el centro de Santiago entre agosto y diciembre de 2023.&nbsp;<br><br>Este proyecto, que es un relanzamiento de la&nbsp;app&nbsp;estrenada en 2017, es fruto de una colaboración entre&nbsp;<strong>SonidoCiudad</strong>&nbsp;(Santiago), <strong>Rimini Protokoll</strong>&nbsp;(Berlín) y&nbsp;<strong>Fun</strong>dación Internacional Teatro a Mil, auspiciado y producido por el&nbsp;<strong>Goethe-Institut Chile</strong>, financiado por el&nbsp;<strong>Ministerio Federal de Asuntos Exteriores de Alemania</strong>&nbsp;y con el apoyo de la&nbsp;<strong>Embajada de Alemania en Chile</strong>.&nbsp;</p>

<p>AppRecuerdos&nbsp;es una aplicación que permite escuchar relatos reales sobre experiencias vividas entre 1970 y 1989 en distintos puntos del centro de la capital. Así, transforma la historia contemporánea en una experiencia de paseo que invita a descubrir Santiago mediante la escucha activa. Los/las usuarios/as de la aplicación son guiados/as a más de 120 lugares históricamente &#8230; <a title="" class="read-more" href="http://www.apprecuerdos.site/index.php/mapa/">Read more<span class="screen-reader-text"></span></a></p>
